 -10*i. What are the prime factors of i?
53
Let u(c) = 17*c - 120. Let b be u(7). Let p(y) = -16*y**3 + 4*y**2 - 4*y + 3. Let j be p(2). What are the prime factors of j/(-3) + (b - 2)?
2, 3
Let m(c) = 3*c**2 - 12*c - 4. List the prime factors of m(-7).
227
Let b(q) be the second derivative of -5/2*q**2 + 0 + q**3 + 1/12*q**4 + 2*q. What are the prime factors of b(-7)?
2
Let h = 2982 + -1966. What are the prime factors of h?
2, 127
Suppose 6504 = -43*k + 19834. What are the prime factors of k?
2, 5, 31
Let v(p) = 8*p + 4 + p**2 + 2 + 1. Suppose 4*r = 14 - 46. List the prime factors of v(r).
7
Suppose 23*w - 50 = 13*w. Suppose -w*a = -25, a = -4*f - a + 642. What are the prime factors of f?
2, 79
Suppose b + 3*q = 12, -3*b - 5*q = -q - 21. Let v(c) = 5*c**2 + 3*c - 4. List the prime factors of v(b).
2, 5
Suppose 0 = -5*x - 3*v - 63, -25 = 2*x + 2*v - v. Let m be 18972/(-27) + 2/3. What are the prime factors of m/x*(-2)/(-3)?
3, 13
List the prime factors of (-55027)/(-14)*(-2)/(-7).
1123
Let k be 1/(-3)*(16 - 25). Suppose -5*g + 30 = -5*y, -2*g - k*y - 13 = -4*g. Let u = g + 4. List the prime factors of u.
3
Let k(u) = -91*u**2 - u. Let z(f) = f**2 - f + 1. Let s(o) = -k(o) - z(o). List the prime factors of s(1).
7, 13
Suppose 6372 = 2*f - 2*c, c - 9574 = -23*f + 20*f. List the prime factors of f.
2, 5, 11, 29
Suppose -2*j = 5*g - 919 + 126, -3*g + 459 = -3*j. List the prime factors of g - (-5 + 3 - -1).
2, 79
Suppose -1 = -3*w - 2*y, -32 = 3*w - 7*w + 5*y. Let z be (5/w + -2)*-30. Let q(r) = -r**2 + 13*r - 1. List the prime factors of q(z).
29
Let v = 597 - 176. What are the prime factors of v?
421
Let x(o) = o**2 - 3*o - 12. Let v be x(6). Let z(n) = 45*n + 33. What are the prime factors of z(v)?
3, 101
Let d(k) = 13*k - 4 + 4 - 3. Suppose -m + j = 4*m - 10, -j = m - 2. List the prime factors of d(m).
23
Let k(h) = 5*h**2 - 5*h - 3. Let r(x) = 2*x - 1. Let i be r(2). Let c(j) = 2*j**2 - 2*j - 1. Let m(l) = i*k(l) - 7*c(l). List the prime factors of m(-4).
2, 3
Let a(w) = -w + 3. Let o be a(4). Let i be 2/o + 1 + -19. What are the prime factors of i/3*(6 + -9)?
2, 5
Suppose 5*i - 4 = 2*j + 7*i, -j + i = 0. List the prime factors of ((-43)/(-4))/(j/(-4)).
43
Suppose -36 = 2*h - 8*h. Suppose 5*d + 16 = h*d. What are the prime factors of d?
2
Let p be (22 + 9)*(3 + -1). Let v = 151 - p. What are the prime factors of v?
89
Let w(p) = p**3 + 7*p**2 - 10*p - 3. Let g be -1*((1 - -2) + 4). What are the prime factors of w(g)?
67
Suppose -2*k = 2*a - 318, 4*k - 3*a - 2*a - 681 = 0. Suppose k - 26 = 2*o. What are the prime factors of o?
3, 23
Suppose -3*b + 4914 = -a, 4*b + 4*a - 5050 - 1502 = 0. What are the prime factors of b?
2, 3, 7, 13
Suppose 340 = 2*p + 4*t, 3*t = -4*p + 416 + 254. Suppose -5*o + p = k, -2*o + 5*k + 62 = k. Suppose 3*d = o + 9. What are the prime factors of d?
2, 7
Let l(k) be the second derivative of -191*k**3/6 + k**2/2 - 4*k. Let i be l(-1). Suppose -x - 2*x = -i. What are the prime factors of x?
2
Let v be ((-7)/(-2) + -3)*-2. What are the prime factors of -3 + (-3)/v - -36?
2, 3
Let w(i) be the first derivative of 2 - 9*i - 3/2*i**2. What are the prime factors of w(-5)?
2, 3
Suppose -12*y + 10074 = -14742. List the prime factors of y.
2, 11, 47
List the prime factors of -12*-33*12/16.
3, 11
Let j be 80/(-8) - (-2 + -2). List the prime factors of (-4 - 21/j)/((-1)/54).
3
Let w be ((-6)/4)/((-6)/8). Let g(u) = 162*u + 0 - 150*u + 0. What are the prime factors of g(w)?
2, 3
Let a(h) = -2*h + 8. Let w be a(8). Let z be (w/1)/2 + 8. Suppose z*c + 6 = 2*c, -p - 2*c = -11. What are the prime factors of p?
17
Let z be -1 + (4 - -3 - 3). List the prime factors of 166/z + 9/(-27).
5, 11
Let s = -82 - -340. Suppose 0 = 5*n - 2*h - h - 422, 3*n - s = -3*h. List the prime factors of n.
5, 17
Let z(u) = 0 + 3 + 2 + 6*u. Let n be z(6). Let y = -3 + n. List the prime factors of y.
2, 19
Suppose 0 = o - 4*o + 3. What are the prime factors of (13/13)/(o/76)?
2, 19
Let q be 2 + -4 + -2 + 23. Let u = -17 + q. List the prime factors of u.
2
Suppose -1930 = -5*f + 3*s, -f + 276 = 4*s - 87. List the prime factors of f.
383
Let o(y) be the second derivative of -y**2 - 4/3*y**3 + 0 + 7*y + 1/6*y**4. What are the prime factors of o(6)?
2, 11
Let h = 43 + 617. What are the prime factors of h?
2, 3, 5, 11
Suppose 10 - 133 = -3*t. Suppose t = 5*f - 4*y, -5*f + 0*y = y - 21. Suppose -3*v = 4*w - 39, -29 + 99 = f*v + 5*w. What are the prime factors of v?
17
Suppose -2*v + 5296 = 4*t, 12*t + 2*v = 16*t - 5312. List the prime factors of t.
2, 3, 13, 17
Let f be ((-5)/4)/(3/(-12)). Let p be 2/f - 30/75. Suppose -3*c = -p*c - 192. List the prime factors of c.
2
What are the prime factors of (-1031 - -1)*(0 - 9 - -8)?
2, 5, 103
Suppose 5*o + 0*o + 220 = 0. List the prime factors of 0 - (3 + o) - -2.
43
Suppose 5*i + 365 = 5*k, -215 = -3*k + 24*i - 20*i. What are the prime factors of k?
7, 11
Suppose 0 = 2*q + 4*k - 3 - 17, 0 = -q + 2*k - 2. Suppose -5*a + 85 = -5*f, 2*a - 37 = f + q*f. List the prime factors of 10*2*a/40.
2
What are the prime factors of 1/((-149815)/825132 - 4/(-22))?
2, 3, 7, 47
Suppose -v - 5*r + 123 = 0, -r - r = -v + 109. Let s = -60 + v. What are the prime factors of s?
53
Let k(y) = -y. Let l(i) = -i - 23. Let t(d) = -3*k(d) - l(d). List the prime factors of t(8).
5, 11
Let a = 1885 + -1043. What are the prime factors of a?
2, 421
Suppose 5 = 6*b - 11*b. What are the prime factors of (-794)/(-6) - (b + 20/15)?
2, 3, 11
Let i be (-3)/1*-2*6. Let p = 66 - i. Suppose 0*z + 2*z = p. What are the prime factors of z?
3, 5
Let a(c) = -c + 6. Let z = 14 - 7. Let h be a(z). List the prime factors of -23*(h - (3 + -3)).
23
Let r(k) = 544*k**2 + 4*k - 2. What are the prime factors of r(-2)?
2, 3, 19
Let p = 4458 + -2447. List the prime factors of p.
2011
Let s(f) be the second derivative of -f**7/2520 - f**6/40 + f**5/20 + f**4/3 - 6*f. Let q(n) be the third derivative of s(n). List the prime factors of q(-16).
2, 19
Let q = -808 + 982. List the prime factors of q.
2, 3, 29
Let c = -129 - -220. Suppose -4*o = 8*t - 4*t - 208, -2*o + 5*t + 90 = 0. Let a = c - o. What are the prime factors of a?
41
Suppose -4*w - 8*w = -24. Suppose -510 = -w*b - 4*g + g, b = g + 265. What are the prime factors of b?
3, 29
Suppose 2*a + 5*a = 14. Suppose -9*t + a*t = -665. What are the prime factors of t?
5, 19
Suppose 23*j = 24*j - 5. Suppose -3*n = -0*n - 6, j*k = -3*n + 76. What are the prime factors of k?
2, 7
Suppose -5*i + 5*s + 80 = 0, 54 + 62 = 5*i + 4*s. Let v = i + -17. Suppose 26 = v*g - 85. List the prime factors of g.
37
Let o be -1 - (2 - 4 - 19). Suppose 0 = l - 6*l - k - 29, 4*l + 4*k + o = 0. Let j(u) = -u - 4. What are the prime factors of j(l)?
2
Suppose 4 = -5*f + 44. Let d be 6/(-8) + 102/f. Suppose -2*w = -d - 20. List the prime factors of w.
2
Let g(w) = 14*w**2 - 63*w - 337. What are the prime factors of g(-6)?
5, 109
Suppose -539 + 2435 = x. What are the prime factors of x?
2, 3, 79
Let p(c) = -4*c**2 - c + 11. Let m(z) = 3*z**2 - 10. Let l(r) = -5*m(r) - 4*p(r). What are the prime factors of l(7)?
83
Let l(w) = 18*w**2 + 1. Suppose 3*g - 2 = -g - 2*b, -3*g + b = -9. Suppose 0 = -g*i - 13 + 11. What are the prime factors of l(i)?
19
Let b(k) = -6*k - 7. Let v be b(-7). Suppose a - 12 = v. What are the prime factors of a?
47
Let b(w) = 15*w**2 + 3*w - 2. Let x be b(2). Let j be (20/6)/((-164)/(-246)). Suppose -h + j*h = x. What are the prime factors of h?
2
Suppose -4*b = -b - 12. Let h(s) = -s**2 + 5*s - 2. Let x be h(b). List the prime factors of 18 + x - (3 - 7).
2, 3
Let v be 8/(-6)*21/(-7). Suppose 0 = v*p + l - 401 - 155, 5*l = -20. What are the prime factors of p?
2, 5, 7
Let w be (-3)/(-2)*(-12)/(-6). Suppose -w*z - 2*z = -125. What are the prime factors of z?
5
Let c(h) = -h**3 + 15*h**2 + 11*h + 15. Let t be c(11). List the prime factors of ((-3)/(-5))/(4/t) + -2.
7, 13
Let w = -1485 - -2634. What are the prime factors of w?
3, 383
Let i be (((-3016)/16)/(-13))/((-2)/(-4)). Suppose i = x + 15. What are the prime factors of x?
2, 7
Let p = 7269 + -5112. What are the prime factors of p?
3, 719
Let i(p) = 9*p + 15. List the prime factors of i(7).
2, 3, 13
Let v be (-996)/108 + 2*(-1)/(-9). List the prime factors of (-325)/(-4) + v/36.